{"id":300,"date":"2023-02-22T12:49:20","date_gmt":"2023-02-22T11:49:20","guid":{"rendered":"http:\/\/www.projectundo.it\/savoma\/?page_id=300"},"modified":"2023-06-05T17:20:26","modified_gmt":"2023-06-05T15:20:26","slug":"shampoo-same-proteico","status":"publish","type":"page","link":"http:\/\/www.projectundo.it\/savoma\/shampoo-same-proteico\/","title":{"rendered":"Shampoo Same Proteico"},"content":{"rendered":"<h5><div style=\"margin-bottom:30px;background-color: #bad6d3;height:1px;\" class=\"separator normal  yes\"><\/div><\/h5>\n<div class=\"two_columns_33_66 clearfix\"><div class=\"column1\"><div class=\"column_inner\">\n<p><img loading=\"lazy\" decoding=\"async\" class=\"aligncenter size-full wp-image-94\" src=\"http:\/\/www.projectundo.it\/savoma\/wp-content\/uploads\/2023\/04\/shampoo_same_proteico_big.png\" alt=\"\" width=\"397\" height=\"490\" \/><\/p>\n<h4>FLACONE: 125 ml<br \/>\nPREZZO: 10,50 \u20ac<br \/>\nCodice Paraf: A908941242<\/h4>\n<\/div><\/div>\n<div class=\"column2\"><div class=\"column_inner\">\n<h2>Shampoo Same Proteico<\/h2>\n<h5>Shampoo rinforzante per capelli normali o fragili ad azione detergente delicata. La combinazione di proteine idrolizzate del collagene e glicina, che si legano alle strutture cheratiniche dei capelli consente di creare un film idratante ad effetto riparativo e rinforzante. Gi\u00e0 dopo le prime applicazioni \u00e8 possibile constatare al tatto un aumento della consistenza e dell&#8217;elasticit\u00e0 dei capelli.<\/h5>\n<h5><div style=\"background-color: #bad6d3;height:1px;\" class=\"separator normal  \"><\/div><\/h5>\n<div class='accordion_holder accordion'>\n<div class='accordion_item black_arrow'><h4 style='background-color: #ffffff; color: #000000;'><span class='control-pm'><\/span>Indicazioni<\/h4><div class='accordion_content' style='background-color: #ffffff;'><div class='accordion_content_inner'>\n<div class=\"container_middle_schede\">\n<div class=\"normaltab_schede\">\n<div id=\"TabbedPanels1\" class=\"TabbedPanels\">\n<div class=\"TabbedPanelsContentGroup\">\n<div class=\"TabbedPanelsContent TabbedPanelsContentVisible\">Particolarmente indicato per detergere e ristrutturare i capelli normali e fragili dell&#8217;adulto e del bambino.<\/div>\n<\/div>\n<\/div>\n<\/div>\n<\/div>\n<div><\/div>\n<\/div><\/div><\/div>\n<div class='accordion_item black_arrow'><h4 style='background-color: #ffffff; color: #000000;'><span class='control-pm'><\/span>Modo d'uso<\/h4><div class='accordion_content' style='background-color: #ffffff;'><div class='accordion_content_inner'>Applicare un piccolo quantitativo di prodotto sui capelli bagnati, massaggiare il cuoio capelluto, partendo dalla fronte, risciacquare ed eventualmente ripetere l&#8217;operazione. Asciugare delicatamente. Il trattamento pu\u00f2 essere eseguito due o pi\u00f9 volte la settimana.<br \/>\nPer migliorare la pettinabilit\u00e0 e la lucentezza dei capelli si consiglia di associare l&#8217;utilizzo del BALSAMO SAME.<\/p>\n<\/div><\/div><\/div>\n<div class='accordion_item black_arrow'><h4 style='background-color: #ffffff; color: #000000;'><span class='control-pm'><\/span>Ingredienti<\/h4><div class='accordion_content' style='background-color: #ffffff;'><div class='accordion_content_inner'>Aqua, Sodium Laureth sulfate, PEG-4 Rapeseedamide, Glycereth-2 Cocoate, Hydrolized Collagen, Glycine, Peg15 Cocopolyamine, Lactic Acid, Sodium Dehydroacetate, Linalool, Limonene, Sodium Chloride, Parfum.<\/p>\n<\/div><\/div><\/div>\n<\/div>\n<\/div><\/div><\/div>\n<h5><div style=\"background-color: #bad6d3;height:1px;\" class=\"separator normal  \"><\/div><blockquote style=width:100%;> <a style=\"margin-left: 10px;\" href=\"http:\/\/www.projectundo.it\/savoma\/dermocosmetici-capelli\"> \u276e Torna alla sezione Dermocosmetici Capelli<\/a><\/blockquote><\/h5>\n<p>&nbsp;<\/p>\n","protected":false},"excerpt":{"rendered":"<p>&nbsp;<\/p>\n","protected":false},"author":1,"featured_media":0,"parent":0,"menu_order":0,"comment_status":"closed","ping_status":"closed","template":"","meta":{"footnotes":""},"class_list":["post-300","page","type-page","status-publish","hentry"],"_links":{"self":[{"href":"http:\/\/www.projectundo.it\/savoma\/wp-json\/wp\/v2\/pages\/300","targetHints":{"allow":["GET"]}}],"collection":[{"href":"http:\/\/www.projectundo.it\/savoma\/wp-json\/wp\/v2\/pages"}],"about":[{"href":"http:\/\/www.projectundo.it\/savoma\/wp-json\/wp\/v2\/types\/page"}],"author":[{"embeddable":true,"href":"http:\/\/www.projectundo.it\/savoma\/wp-json\/wp\/v2\/users\/1"}],"replies":[{"embeddable":true,"href":"http:\/\/www.projectundo.it\/savoma\/wp-json\/wp\/v2\/comments?post=300"}],"version-history":[{"count":5,"href":"http:\/\/www.projectundo.it\/savoma\/wp-json\/wp\/v2\/pages\/300\/revisions"}],"predecessor-version":[{"id":610,"href":"http:\/\/www.projectundo.it\/savoma\/wp-json\/wp\/v2\/pages\/300\/revisions\/610"}],"wp:attachment":[{"href":"http:\/\/www.projectundo.it\/savoma\/wp-json\/wp\/v2\/media?parent=300"}],"curies":[{"name":"wp","href":"https:\/\/api.w.org\/{rel}","templated":true}]}}